base 15
20
What is 10 (base 2) in base 11?
2
What is 130 (base 5) in base 15?
2a
Convert 2 (base 4) to base 12.
2
What is -9 (base 12) in base 9?
-10
What is -1111110 (base 2) in base 12?
-a6
-3 (base 16) to base 11
-3
Convert -101 (base 2) to base 13.
-5
What is -1011 (base 3) in base 11?
-29
Convert 3 (base 4) to base 10.
3
What is -10222 (base 3) in base 9?
-128
-10 (base 3) to base 9
-3
Convert -10 (base 3) to base 6.
-3
Convert 50 (base 6) to base 7.
42
Convert 0 (base 5) to base 11.
0
2a (base 14) to base 6
102
What is 5 (base 13) in base 2?
101
Convert -b1 (base 13) to base 6.
-400
What is -21 (base 6) in base 12?
-11
What is 36 (base 12) in base 10?
42
3 (base 13) to base 5
3
Convert -4 (base 13) to base 5.
-4
Convert -4 (base 6) to base 4.
-10
Convert 6 (base 14) to base 10.
6
Convert 28 (base 14) to base 3.
1100
-1 (base 5) to base 12
-1
Convert -4 (base 13) to base 16.
-4
Convert -9 (base 11) to base 2.
-1001
Convert 1021 (base 3) to base 16.
22
Convert 1 (base 16) to base 5.
1
Convert -2 (base 13) to base 11.
-2
What is -96 (base 14) in base 4?
-2010
What is -2 (base 7) in base 4?
-2
1 (base 16) to base 12
1
What is -5 (base 14) in base 15?
-5
What is 1122 (base 3) in base 9?
48
Convert -2 (base 12) to base 10.
-2
1001 (base 3) to base 4
130
Convert 37 (base 13) to base 6.
114
Convert -1 (base 8) to base 16.
-1
-73 (base 13) to base 14
-6a
Convert 35 (base 7) to base 16.
1a
What is -43 (base 11) in base 8?
-57
Convert 8 (base 15) to base 16.
8
What is 2d (base 14) in base 4?
221
Convert 24 (base 8) to base 9.
22
4 (base 14) to base 8
4
Convert 42 (base 16) to base 13.
51
-3 (base 16) to base 6
-3
1103 (base 4) to base 14
5d
What is -5 (base 15) in base 2?
-101
Convert 0 (base 13) to base 10.
0
Convert 1 (base 15) to base 3.
1
What is 114 (base 6) in base 9?
51
What is 2 (base 9) in base 6?
2
What is -66 (base 11) in base 4?
-1020
11 (base 2) to base 16
3
Convert -111101 (base 2) to base 4.
-331
32 (base 5) to base 15
12
What is 11b (base 15) in base 12?
18b
21 (base 8) to base 5
32
What is -1 (base 5) in base 3?
-1
What is 1cb (base 13) in base 4?
11100
What is 59 (base 11) in base 13?
4c
What is 7 (base 8) in base 7?
10
What is 4 (base 12) in base 7?
4
What is -14 (base 14) in base 9?
-20
Convert -13 (base 16) to base 12.
-17
-100001 (base 2) to base 15
-23
What is 40 (base 14) in base 12?
48
-25 (base 14) to base 4
-201
Convert 59 (base 14) to base 2.
1001111
1 (base 6) to base 7
1
What is -5 (base 9) in base 2?
-101
-101010101 (base 2) to base 5
-2331
-1201 (base 3) to base 16
-2e
What is -42 (base 6) in base 12?
-22
-150 (base 11) to base 9
-215
What is -11 (base 5) in base 9?
-6
Convert -2 (base 3) to base 11.
-2
112 (base 3) to base 2
1110
13 (base 13) to base 10
16
What is b (base 14) in base 3?
102
What is -226 (base 7) in base 13?
-91
0 (base 13) to base 6
0
What is -3 (base 8) in base 4?
-3
Convert 10 (base 2) to base 15.
2
What is 10 (base 5) in base 4?
11
What is 4 (base 13) in base 10?
4
What is -6 (base 11) in base 6?
-10
-14 (base 13) to base 10
-17
Convert -10 (base 3) to base 4.
-3
312 (base 4) to base 11
4a
Convert 42 (base 9) to base 13.
2c
What is -222 (base 5) in base 10?
-62
-12c (base 13) to base 14
-10b
24 (base 11) to base 2
11010
What is 3c (base 16) in base 7?
114
5b (base 16) to base 10
91
What is -32 (base 8) in base 2?
-11010
What is -5 (base 9) in base 12?
-5
-22 (base 5) to base 7
-15
-102 (base 6) to base 16
-26
What is 242 (base 8) in base 10?
162
What is 1021 (base 4) in base 5?
243
Convert 10 (base 2) to base 6.
2
35 (base 11) to base 7
53
-128 (base 14) to base 6
-1024
60 (base 7) to base 6
110
What is -29 (base 12) in base 10?
-33
-2 (base 14) to base 4
-2
-10 (base 7) to base 9
-7
Convert -11 (base 2) to base 10.
-3
Convert -2b (base 13) to base 14.
-29
1b (base 12) to base 11
21
Convert -91 (base 14) to base 12.
-a7
10 (base 2) to base 16
2
-6a (base 11) to base 5
-301
What is 243 (base 9) in base 2?
11001001
Convert 118 (base 9) to base 2.
1100010
Convert 40 (base 6) to base 12.
20
-140 (base 7) to base 2
-1001101
-241 (base 5) to base 13
-56
What is 14 (base 8) in base 13?
c
-6 (base 14) to base 5
-11
What is 1 (base 2) in base 10?
1
What is 1 (base 10) in base 8?
1
What is -1 (base 5) in base 11?
-1
-30 (base 16) to base 13
-39
-1 (base 4) to base 15
-1
Convert 313 (base 4) to base 7.
106
Convert -5 (base 16) to base 3.
-12
-15 (base 7) to base 11
-11
-b (base 16) to base 15
-b
What is 11221 (base 3) in base 15?
8d
Convert -10 (base 13) to base 15.
-d
2 (base 8) to base 9
2
What is 4 (base 12) in base 2?
100
What is 114 (base 5) in base 13?
28
3 (base 14) to base 10
3
-1 (base 7) to base 8
-1
What is -123 (base 5) in base 16?
-26
What is -2012 (base 4) in base 3?
-11222
What is 9 (base 15) in base 4?
21
-19 (base 14) to base 8
-27
10 (base 15) to base 13
12
1110 (base 2) to base 8
16
5 (base 11) to base 9
5
What is -4 (base 14) in base 5?
-4
Convert -14 (base 15) to base 3.
-201
-3 (base 13) to base 4
-3
63 (base 7) to base 3
1200
10 (base 7) to base 3
21
What is 11 (base 3) in base 9?
4
Convert -11 (base 4) to base 2.
-101
10 (base 4) to base 5
4
-10 (base 3) to base 10
-3
21 (base 16) to base 4
201
-17 (base 11) to base 15
-13
What is 15 (base 10) in base 14?
11
Convert 13 (base 8) to base 3.
102
-17 (base 10) to base 6
-25
Convert 32 (base 4) to base 15.
e
-52 (base 9) to base 10
-47
What is -101 (base 4) in base 9?
-18
Convert -1 (base 10) to base 4.
-1
3 (base 4) to base 10
3
-10 (base 11) to base 12
-b
-11 (base 8) to base 2
-1001
Convert 1112 (base 3) to base 13.
32
-122 (base 6) to base 15
-35
Convert 13 (base 10) to base 4.
31
15 (base 9) to base 16
e
What is -2 (base 3) in base 12?
-2
9 (base 12) to base 11
9
0 (base 13) to base 8
0
What is -121 (base 3) in base 12?
-14
-17 (base 13) to base 5
-40
Convert 2 (base 10) to base 11.
2
What is 0 (base 15) in base 13?
0
Convert 2a (base 13) to base 4.
210
What is -99 (base 13) in base 2?
-1111110
Convert 20 (base 5) to base 12.
a
-5 (base 11) to base 15
-5
Convert -127 (base 10) to base 5.
-1002
Convert -6d (base 15) to base 3.
-10211
121 (base 4) to base 6
41
Convert -10 (base 13) to base 14.
-d
Convert -8 (base 16) to base 7.
-11
What is -61 (base 10) in base 12?
-51
4 (base 13) to base 7
4
What is -10 (base 4) in base 16?
-4
Convert 114 (base 8) to base 5.
301
What is -10 (base 9) in base 16?
-9
-12 (base 8) to base 3
-101
-13 (base 8) to base 5
-21
Convert 35 (base 9) to base 12.
28
-203 (base 8) to base 6
-335
-2330 (base 4) to base 14
-d6
What is 5 (base 11) in base 14?
5
Convert 3 (base 13) to base 16.
3
Convert -1 (base 12) to base 3.
-1
What is 63 (base 16) in base 13?
78
-7 (base 11) to base 4
-13
Convert -10 (base 15) to base 2.
-1111
Convert 1 (base 5) to base 2.
1
-2 (base 9) to base 8
-2
What is -a (base 11) in base 5?
-20
What is -10 (base 3) in base 8?
-3
Convert 1 (base 2) to base 4.
1
What is -a (base 16) in base 12?
-a
2 (base 12) to base 8
2
-c (base 15) to base 8
-14
What is -50 (base 12) in base 16?
-3c
-24 (base 6) to base 13
-13
Convert -2 (base 13) to base 4.
-2
What is 1010 (base 2) in base 5?
20
1 (base 15) to base 11
1
-220 (base 4) to base 6
-104
12b (base 16) to base 12
20b
What is 212 (base 3) in base 7?
32
What is -3 (base 8) in base 7?
-3
Convert 5 (base 10) to base 15.
5
Convert 205 (base 9) to base 8.
247
-2e (base 16) to base 6
-114
What is 23 (base 14) in base 6?
51
What is 2112 (base 3) in base 10?
68
Convert 33 (base 9) to base 8.
36
-4 (base 8) to base 15
-4
3 (base 12) to base 10
3
What is -101 (base 4) in base 8?
-21
What is -14 (base 5) in base 7?
-12
66 (base 12) to base 10
78
-101 (base 3) to base 15
-a
What is 2a (base 16) in base 9?
46
Convert 3 (base 8) to base 4.
3
Convert 8 (base 14) to base 7.
11
-112 (base 4) to base 8
-26
What is 3a (base 14) in base 16?
34
Convert -24 (base 7) to base 4.
-102
Convert 0 (base 10) to base 13.
0
What is -1000001 (base 2) in base 11?
-5a
43 (base 5) to base 7
32
18 (base 14) to base 5
42
-154 (base 8) to base 16
-6c
Convert 13 (base 16) to base 10.
19
What is 54 (base 15) in base 8?
117
2 (base 9) to base 4
2
Convert 134 (base 6) to base 7.
112
Convert 1312 (base 4) to base 2.
1110110
-11 (base 5) to base 15
-6
Convert 12 (base 8) to base 11.
a
Con